-ab17
In base 3, what is 111201212100212 - -12?
111201212101001
In base 14, what is -3 - b4905da?
-b4905dd
In base 2, what is 1110001000101101 - -11100101001?
1110100101010110
In base 3, what is 2 - 12021000210121?
-12021000210112
In base 7, what is 1050 - -10104130?
10105210
In base 4, what is 3003211112211 - 10?
3003211112201
In base 16, what is -1ef - -217?
28
In base 14, what is 4 + 922a73?
922a77
In base 2, what is 11 + -1100010000110110111010011?
-1100010000110110111010000
In base 15, what is 2b6ab - 1dc?
2b4be
In base 3, what is -1 - 1211010011011120?
-1211010011011121
In base 12, what is 17 + 1466529?
1466544
In base 2, what is 1010001 - 10100110010010101101101?
-10100110010010100011100
In base 13, what is 2657073 + 0?
2657073
In base 10, what is -1 + 2399980?
2399979
In base 11, what is 122 - 27688?
-27566
In base 4, what is 121320312 - 31321?
121222331
In base 7, what is 12661 - -126362?
142353
In base 8, what is -36266 + -1413?
-37701
In base 9, what is -2527 - 62306?
-64834
In base 5, what is 10132401310223 - -10?
10132401310233
In base 6, what is 204123 + 1500?
210023
In base 4, what is 100210132321002 + -13?
100210132320323
In base 9, what is 5 + 113355470?
113355475
In base 14, what is -1518cb + 10?
-1518bb
In base 8, what is -653 + 53321?
52446
In base 16, what is 0 - -165231f?
165231f
In base 2, what is 100010 - 10000110010100011?
-10000110010000001
In base 3, what is 12 + 2202000222010?
2202000222022
In base 12, what is 49b502a - -4?
49b5032
In base 2, what is 10010110010110011110100 - 1?
10010110010110011110011
In base 15, what is -18 + c56cb?
c56b3
In base 10, what is -14 - 8472201?
-8472215
In base 13, what is -8 - 288025?
-288030
In base 9, what is 328 - -3664026?
3664355
In base 10, what is 55293226 - -2?
55293228
In base 7, what is 160446 - 1023?
156423
In base 10, what is -4 + 101204499?
101204495
In base 7, what is 26004364 - -10?
26004404
In base 8, what is 50266435 - 2?
50266433
In base 15, what is 18982061 - -5?
18982066
In base 9, what is 1440222 - -38?
1440261
In base 11, what is 3161 - -16979?
1a02a
In base 4, what is 203313110012 - -11?
203313110023
In base 8, what is -1321 + -2507?
-4030
In base 10, what is -4132755 - -141?
-4132614
In base 3, what is -2100000100 - -12000101?
-2010222222
In base 8, what is -1036202773 - -3?
-1036202770
In base 7, what is 313506 - 2344?
311132
In base 14, what is 643b59a + -1?
643b599
In base 12, what is -83555 - 1a?
-83573
In base 5, what is 4 - 40131244243?
-40131244234
In base 11, what is 1571a802 + -3?
1571a7aa
In base 7, what is 1210310 - -1026?
1211336
In base 9, what is -46282 + -1088?
-47381
In base 2, what is -11110011000011011110000 - -11?
-11110011000011011101101
In base 16, what is c19c - -71d?
c8b9
In base 10, what is 661 + -68715?
-68054
In base 10, what is -13001627 - -2?
-13001625
In base 15, what is 668b0 + -15?
6689a
In base 4, what is -12131013123302 - -11?
-12131013123231
In base 15, what is 1a11ad - 13?
1a119a
In base 8, what is -4 + 21526274?
21526270
In base 13, what is -53c + -17524?
-17a63
In base 2, what is 1010100110111000000100 - 11?
1010100110111000000001
In base 6, what is 5 + 1544504515?
1544504524
In base 7, what is -5 - 1200616253?
-1200616261
In base 6, what is 1304 + 22251?
23555
In base 4, what is -101320333300321 + 0?
-101320333300321
In base 7, what is -2 + -20366414?
-20366416
In base 12, what is -b0b7248 + -11?
-b0b7259
In base 14, what is 18475 - 623?
17c52
In base 8, what is -505 - 325356?
-326063
In base 5, what is -141 + 113324203?
113324012
In base 5, what is -31241410 + -12114?
-31304024
In base 11, what is -168 + a2817?
a265a
In base 11, what is 183584 - 51?
183533
In base 4, what is -121311001023101 - 11?
-121311001023112
In base 13, what is -6924 + 42b4?
-2640
In base 6, what is 2022 - 111234512?
-111232450
In base 11, what is 3018 - -86128?
89145
In base 7, what is 1561122 - 1252?
1556540
In base 11, what is -a8689 + -a5?
-a8783
In base 10, what is -252 + -1221?
-1473
In base 9, what is 828247 - -2865?
832223
In base 3, what is 10100 + 20120000?
20200100
In base 5, what is -1223331242 - -30?
-1223331212
In base 11, what is -52266a57 + 1?
-52266a56
In base 9, what is 514812 + -2280?
512522
In base 15, what is 17 + 7e5d9d?
7e5db5
In base 8, what is -11072 + -165756?
-177050
In base 3, what is 12 - -1220110101100222?
1220110101101011
In base 2, what is -100000101010000100 - 1011?
-100000101010001111
In base 8, what is 17 - 254063?
-254044
In base 13, what is 52a8 + 960a?
118b5
In base 7, what is -124030 + -162?
-124222
In base 4, what is 220232 - -213100?
1033332
In base 12, what is -498b15 - -231?
-4988a4
In base 7, what is 45442 + -5250?
40162
In base 10, what is -41448 - 1406?
-42854
In base 13, what is -3c62910 + 5?
-3c62908
In base 8, what is 4 - 155004443?
-155004437
In base 6, what is -1001032 + -333?
-1001405
In base 2, what is -100 - -11111111100110110010100?
11111111100110110010000
In base 3, what is 12121 - 112112100211?
-112112011020
In base 7, what is 34143450 - -300?
34144050
In base 13, what is 37a8324a + -4?
37a83246
In base 6, what is -21253500413 + -5?
-21253500422
In base 12, what is 2865b02 - 3?
2865abb
In base 3, what is 200000221000202012 - -11?
200000221000202100
In base 12, what is 47779 + 276?
47a33
In base 12, what is b - 11364?
-11355
In base 6, what is 2343413011 + -3?
2343413004
In base 10, what is -514 + -4707?
-5221
In base 9, what is 4 - 453260757?
-453260753
In base 12, what is -20537 + -b86?
-21501
In base 14, what is 15664 - 82b2?
b392
In base 16, what is 10ea2 + -1baa?
f2f8
In base 14, what is -b23b0 + 77?
-b2337
In base 14, what is -7 + 455b80?
455b77
In base 4, what is 132332103 - 1210003?
131122100
In base 14, what is 0 - -7947397?
7947397
In base 12, what is 62308 - 1?
62307
In base 5, what is 11 - -1401421134?
1401421200
In base 14, what is -3ad5 + -8b3?
-45a8
In base 10, what is 4838503 + -139?
4838364
In base 13, what is -953675 - 4?
-953679
In base 2, what is 11100 - -1110111011101010010?
1110111011101101110
In base 6, what is 1434035343 - 0?
1434035343
In base 11, what is -7214 + 831?
-6493
In base 6, what is 1212000 + -331?
1211225
In base 11, what is -1 + 3a94974?
3a94973
In base 5, what is -1014114340 - 4?
-1014114344
In base 7, what is 6650 + 210265?
220245
In base 13, what is 5622a1 - 1c?
562282
In base 4, what is -10 + -231213121130?
-231213121200
In base 6, what is -1051 - 12204224?
-12205315
In base 4, what is -10 + 22033222020?
22033222010
In base 16, what is 3 - 99959a?
-999597
In base 5, what is -10 - -141321002213?
141321002203
In base 16, what is 2f2 - -2833?
2b25
In base 4, what is 120 + 2010301102?
2010301222
In base 16, what is -6 + b0533f?
b05339
In base 13, what is -2 + 19750a0b?
19750a09
In base 6, what is -3004 + 30334?
23330
In base 5, what is -2224233424 - -201?
-2224233223
In base 6, what is -20303 + -135055?
-155402
In base 6, what is -40200542 + -2?
-40200544
In base 8, what is -412140 - -2001?
-410137
In base 12, what is -4b7a + 152?
-4a28
In base 16, what is 374 + -dc9?
-a55
In base 4, what is -2302323 - -11131?
-2231132
In base 13, what is -4 - -1bb29cb?
1bb29c7
In base 2, what is -11100100011000101 + -10100100011?
-11100110111101000
In base 11, what is -160 - -18511a?
184a6a
In base 4, what is 122213 - -101222?
230101
In base 5, what is 24 + -204231231?
-204231202
In base 12, what is 2746327 - -b?
2746336
In base 16, what is 20c07 - -d9?
20ce0
In base 6, what is -2012041105 - 4?
-2012041113
In base 13, what is -1a + -23b85?
-23ba2
In base 13, what is 17c1b68 + 3?
17c1b6b
In base 3, what is -2220220101 - 1222?
-2220222100
In base 14, what is dd5 - -199?
1190
In base 9, what is -3028 - -1663?
-1255
In base 15, what is -8699291 - 2?
-8699293
In base 16, what is -1a - b23871?
-b2388b
In base 7, what is 311336 - 635?
310401
In base 13, what is 9408 + 339?
9744
In base 3, what is 11 - -11101100211210?
11101100211221
In base 9, what is 6363227 + -4?
6363223
In base 6, what is 1333515 - 453?
1333022
In base 2, what is -10001111 + -1010101100101111?
-1010101110111110
In base 7, what is 4214256 + -4050?
4210206
In base 11, what is -647656 - 4?
-64765a
In base 14, what is -8611a35 - -6?
-8611a2d
In base 15, what is 5703 + -18b?
5567
In base 2, what is 1001010010011